{"id":199,"date":"2025-07-19T17:25:19","date_gmt":"2025-07-19T15:25:19","guid":{"rendered":"https:\/\/julisis.com\/us\/?post_type=product&#038;p=199"},"modified":"2025-09-02T13:21:19","modified_gmt":"2025-09-02T11:21:19","slug":"silver-elexir-night","status":"publish","type":"product","link":"https:\/\/julisis.com\/usa\/product\/silver-elexir-night\/","title":{"rendered":"silver elexir night"},"content":{"rendered":"","protected":false},"excerpt":{"rendered":"<p>JULISIS verwendet die essenz aus wertvollen edelmetallen, edelsteinen und nat\u00fcrlichen, botanischen inhalts- stoffen aus rein \u00f6kologischem anbau. die regeneration der hautzellen erfolgt haupts\u00e4chlich in der nacht.<br \/>\ndiese einzigartige formulierung mit JLSE [JULISIS liquid silber essenz\u00a9] intensiviert den entschlackungs-prozess, beruhigt die haut und verfeinert das hautbild. der teint beh\u00e4lt seine nat\u00fcrliche spannkraft und elastizit\u00e4t.<\/p>\n","protected":false},"featured_media":310,"template":"","meta":{"_acf_changed":false},"product_brand":[],"product_cat":[17],"product_tag":[],"class_list":{"0":"post-199","1":"product","2":"type-product","3":"status-publish","4":"has-post-thumbnail","6":"product_cat-silver-skincare-night","7":"entry","9":"first","10":"instock","11":"taxable","12":"shipping-taxable","13":"purchasable","14":"product-type-simple"},"acf":[],"_links":{"self":[{"href":"https:\/\/julisis.com\/usa\/wp-json\/wp\/v2\/product\/199","targetHints":{"allow":["GET"]}}],"collection":[{"href":"https:\/\/julisis.com\/usa\/wp-json\/wp\/v2\/product"}],"about":[{"href":"https:\/\/julisis.com\/usa\/wp-json\/wp\/v2\/types\/product"}],"wp:featuredmedia":[{"embeddable":true,"href":"https:\/\/julisis.com\/usa\/wp-json\/wp\/v2\/media\/310"}],"wp:attachment":[{"href":"https:\/\/julisis.com\/usa\/wp-json\/wp\/v2\/media?parent=199"}],"wp:term":[{"taxonomy":"product_brand","embeddable":true,"href":"https:\/\/julisis.com\/usa\/wp-json\/wp\/v2\/product_brand?post=199"},{"taxonomy":"product_cat","embeddable":true,"href":"https:\/\/julisis.com\/usa\/wp-json\/wp\/v2\/product_cat?post=199"},{"taxonomy":"product_tag","embeddable":true,"href":"https:\/\/julisis.com\/usa\/wp-json\/wp\/v2\/product_tag?post=199"}],"curies":[{"name":"wp","href":"https:\/\/api.w.org\/{rel}","templated":true}]}}